s digit of g?
6
Suppose 0 = -5*u + 13*u - 2544. What is the units digit of u?
8
Let w(u) = -19*u**2 + 1. Suppose 0*m + 4 = -4*m. Let a(p) = -p**2 + p - 1. Let b(x) = m*w(x) - a(x). What is the tens digit of b(-1)?
2
Let n be (-32)/12 - -2 - 196/(-6). What is the tens digit of (-252)/(-72)*(1 + n + 1)?
1
Suppose -26*l + 57155 = -17413. What is the tens digit of l?
6
Let u(q) = q**3 + 5*q**2 - 9*q - 15. Let o be u(-6). Suppose 5*n = o - 13, 0 = -3*r + n + 770. What is the hundreds digit of r?
2
Let g = 327 - 266. Suppose -3*b + 13 = -80. Let q = g - b. What is the tens digit of q?
3
Let o(a) = -a**3 - 3*a**2 - a + 4. Let h be o(-2). What is the units digit of (-1 + -179)*h/(-4)?
0
Let r(h) = -h**3 - 21*h**2 + 21*h - 121. What is the tens digit of r(-26)?
1
Suppose 81 = 2*q - 65. Suppose 4*z - 268 = 2*u, -4*z + 3*z + 2*u = -q. Suppose 115 = 5*i - z. What is the units digit of i?
6
Suppose 0 = -i - 0*i + 144. Suppose -i = -o + 2*b, -3*o - 3*b + 441 = -0*b. What is the hundreds digit of o?
1
Suppose -1272 = -4*t + 8*t - 3*o, 4*t + 1252 = -2*o. Let d = t - -474. What is the units digit of d?
9
Let b(t) = -21*t - 55. Let r be b(-10). Suppose -r = -3*i + 175. What is the tens digit of i?
1
Let u be (-8)/(-8) + -1 + 32. Suppose 0 = -2*r - 0*d + 3*d - 24, 0 = 2*r - 5*d + u. What is the units digit of 6/(-4)*32/r?
8
Let y be (-50)/350 + 1877*1/7. Suppose -t + 4*u = -3*t + y, 4*t + 4*u - 516 = 0. What is the tens digit of t?
2
Suppose -205*v + 1870 = -200*v. Suppose 2*i = -4*s + v, -5*i - 2*s = -7*s - 935. What is the units digit of i?
7
Suppose d - 6*d = -160. Suppose -2*m - 3*i = -43, m - 2*i - d = -2*m. Let v = -6 + m. What is the units digit of v?
8
Suppose -2*i + 2182 = b, 3*i = 12 - 21. What is the hundreds digit of b?
1
Suppose -10*x + 2*n = -9*x - 6, x = 4*n + 12. Suppose -94 + 4 = -d. Suppose x = -8*b + 5*b + d. What is the tens digit of b?
3
Suppose -h - 4*c + 343 = 0, -4*c - 338 = -h - 3*c. What is the hundreds digit of h/(-9)*(-4 - 2)?
2
Let u(k) = 22*k**2 + 37*k + 29. What is the hundreds digit of u(9)?
1
Let a(p) = -216*p + 75. What is the hundreds digit of a(-5)?
1
Let o = -216 - -305. What is the tens digit of o?
8
Suppose 0 = -22*s - 41*s + 46305. What is the units digit of s?
5
Let z(k) = -350*k - 15. What is the thousands digit of z(-6)?
2
What is the hundreds digit of 1150 + 6 + -11 + -2?
1
Suppose t - 86 = 3*t. Let z be (-3 - 0)*(0 - t). What is the units digit of (z/4)/(9/(-12))?
3
Let l be 5 + (-3 - 0/2). Suppose -5*c + l*c + 294 = 0. What is the tens digit of c?
9
Let x(w) = 4*w - 7. Suppose -9*k = -13*k. Suppose k*f - 36 = -4*f. What is the units digit of x(f)?
9
What is the hundreds digit of (-2 - (-248)/(-16))/(2/(-220))?
9
Let h be (38/10 + -1)*10. Suppose -h = -q + 5*q. Let i = 19 + q. What is the units digit of i?
2
What is the tens digit of ((-46)/(-6) + -3)*(-51048)/(-84)?
3
Suppose -3*x - 23*o = -26*o - 417, 0 = -5*o + 10. What is the tens digit of x?
4
Suppose -3*h - 2 = -4*h. Let j = -53 - -56. Suppose -j*b + 99 = h*t - 12, t - 5*b = 23. What is the tens digit of t?
4
Let g = 8 - 2. Let d(h) = -h**3 + 7*h**2 - 7*h + 3. Let w be d(g). What is the units digit of (-92)/w + (-8)/12?
0
Let h be ((-1)/(-2))/(6/(-96)*1). Let m(z) = 5*z - 8. Let a(x) = -4*x + 7. Let l(o) = 3*a(o) + 2*m(o). What is the units digit of l(h)?
1
Let u = -149 - -143. Let g(h) = h**3 + 10*h**2 - 8*h - 3. What is the units digit of g(u)?
9
Suppose -5*x = -5 - 15. Suppose -5*j = -2*u + 29, u - x*u + j + 11 = 0. What is the tens digit of 21 + (-3 - 3)/u?
1
Suppose 4*k + 4*i - 6*i + 22 = 0, 3*i = -3*k + 6. Let q be 12*((-4)/k + -1). Suppose -5*d + 50 = 4*h - 4*d, q*d - 56 = -4*h. What is the units digit of h?
2
Suppose -r = 2*a - 8, -2*a - 4*r = -3*a - 5. Suppose -z + 42 = -3*w, -79 = -a*z + z + w. What is the tens digit of z?
3
Let k = -26 + 166. Suppose 5*w - 447 = 3*m, -m = 1 - 2. Let g = k - w. What is the units digit of g?
0
Let c = -6 - -10. Suppose -2*t - 4*f + f + 167 = 0, -c*t + 309 = f. Let a = -45 + t. What is the units digit of a?
1
Suppose 73*c = 87*c - 45458. What is the units digit of c?
7
Suppose -2*l - 160 = -4*f, 4*l - 8 = -0*l. Let r = f - 27. Let n = r + 7. What is the tens digit of n?
2
Let s(y) = y**3 - 24*y**2 + 25*y - 46. What is the hundreds digit of s(26)?
9
Let q = -24 + 49. Suppose -q*m = -30*m + 155. What is the tens digit of m?
3
Let d = -16 - -20. Suppose 0 = 9*j - d*j - 525. What is the units digit of j?
5
Let j(o) = o**2 + 4*o + 4. Let g be j(-6). Let y = -308 + 312. What is the units digit of 2*(-6)/y + g?
3
Suppose -4*m + 410 - 150 = 0. Let y = -33 + m. Suppose y = v - 17. What is the units digit of v?
9
Let i = 48 - -20. Suppose -5*j - i = -2*h, 0 = -3*h - j + 165 - 29. What is the units digit of h?
4
Suppose -4*h - 16 = 0, -1 = 5*l + 3*h - 4. What is the tens digit of -2 + l/3 + 63?
6
Let m be 2/4*3*(20 - -2). Let u = m - -38. What is the tens digit of u?
7
Let l(i) = -16*i**3 - 4*i**2 - 2. Let v be l(-2). Suppose 10 = -2*y + v. What is the units digit of y?
0
What is the hundreds digit of ((-4)/((-16)/(-422)))/((-3)/18)?
6
Suppose 0 = 2*d - 19 + 47. Let c = d - -47. What is the tens digit of c?
3
Let a = 457 - 767. Let h = -151 - a. What is the units digit of h?
9
Suppose 3*a + 4350 = 2*l, a + 9764 + 1085 = 5*l. What is the hundreds digit of l?
1
Suppose -6*i + 4*i = 0. Let r be i + 0 + -2 - -2. Suppose 6*c + r*c - 126 = 0. What is the units digit of c?
1
Suppose 0 = 8*m + 41 - 129. Suppose -m*c = -75 + 20. What is the units digit of c?
5
Suppose 3*r - a = 4242, 3014 + 1234 = 3*r + a. What is the tens digit of r?
1
Suppose 7*d - 15 = 4*d. Suppose 5 = d*m - 0, 2*u + 3*m - 89 = 0. Suppose 0 = -2*k + u + 31. What is the tens digit of k?
3
Suppose -2*k - 5*b = -1072, 0*k + 5*b - 2144 = -4*k. What is the hundreds digit of k?
5
Let a be (-8)/(-2) + 1283 + 5. Suppose -a = -4*p - 5*h, -h = -0*h. Suppose 0 = 5*z + 68 - p. What is the tens digit of z?
5
Let b(i) = -i + 13. Let h be ((-2)/(-8))/((-4)/(-208)). Let r be b(h). Suppose r = 4*s - 5*j - 103, 3 = -3*j + 6*j. What is the tens digit of s?
2
Let c = 37 - 35. Suppose 107 = 3*g - c*y - 3*y, 35 = g - 2*y. What is the tens digit of g?
3
Let d be ((-2)/(-6))/(1/6). Suppose 2*i - r + 3 = -d, 5*i - 2*r + 10 = 0. Suppose i*n - 159 = -3*n. What is the units digit of n?
3
Suppose 2*f - 7*f = -9*f. Suppose f = 13*y - 15*y + 358. What is the hundreds digit of y?
1
Suppose 5*s = -2*w + 2911, w - 5*s - 414 - 1064 = 0. What is the units digit of w?
3
Suppose -3*v - 37 = -2*u, -u + 18 - 3 = 2*v. What is the tens digit of u?
1
Let p = -9 + 13. Let n be p + -5 - (-47 + -1). Suppose -2*r - 42 = -3*i, 2*r - n = -5*i + 23. What is the tens digit of i?
1
What is the units digit of 7 + (7 - 6) + 1084?
2
Let p = -16 - -18. Suppose -7 = p*v - 29. Let j = v - 4. What is the units digit of j?
7
What is the tens digit of 3/(-1)*(1925/(-3))/11?
7
Suppose -4*j + 22 = -2*p, -4 = -2*j + j. Let h(a) = -a**3 - 2*a**2 - 6*a. What is the units digit of h(p)?
7
Let g = 21 - 19. Suppose -2*b + g = -20. Suppose 4 = t - b. What is the tens digit of t?
1
Let n = 18 + -18. Suppose n = 5*p + 4*a - 639, -4*p + 0*a + a + 507 = 0. What is the units digit of p?
7
Suppose 6*f + 3498 = 12*f. What is the tens digit of f?
8
Let h(a) = -a - 1. Let z be h(-6). Suppose 0 = z*d - 9*d. Suppose 0 = -d*c - 3*c + 78. What is the units digit of c?
6
Let t(p) be the third derivative of -115*p**4/24 - 4*p**2. Let l be t(-1). Suppose -2*x = 39 - l. What is the tens digit of x?
3
Suppose 0 = -2*n + w - 6*w + 931, -1 = w. What is the hundreds digit of n?
4
Let y = 28 + -25. Suppose -48 = -y*u + 12. What is the units digit of u?
0
Suppose -f = -0*f - o - 139, o - 409 = -3*f. What is the units digit of f?
7
Suppose -67*q = -21971 + 2809. What is the tens digit of q?
8
Let z(u) = -36*u - 57. What is the hundreds digit of z(-35)?
2
Let l(u) = 4*u**2 + 3*u + 2. Let f = 18 + -24. What is the hundreds digit of l(f)?
1
Suppose -4*d = -16, -2*i + 12 = 3*i - 2*d. Let a = -22 - -26. Suppose a = -t, 0 = -i*f - 2*t + 90 - 18. What is the tens digit of f?
2
Let b be 2/3 + (-6)/9. Suppose b = -3*t + 92 - 17. Suppose -l = -z - 8 - 6, -2*l + 3*z = -t. What is the units digit of l?
7
Suppose -2*t = 10, -4*x - 7*t + 3*t - 16 = 0. Let o(i) = -x + i + 